actor of 7 and 2079?
7
Calculate the highest common factor of 12 and 156.
12
Calculate the greatest common factor of 1026 and 114.
114
Calculate the greatest common divisor of 257 and 3341.
257
Calculate the greatest common factor of 9900 and 45.
45
Calculate the greatest common factor of 124 and 1984.
124
What is the greatest common divisor of 52 and 1261?
13
What is the greatest common divisor of 25750 and 250?
250
Calculate the highest common divisor of 6 and 159.
3
Calculate the greatest common factor of 1456 and 2716.
28
Calculate the highest common factor of 3 and 192.
3
Calculate the greatest common divisor of 110 and 605.
55
Calculate the highest common factor of 280 and 1320.
40
Calculate the highest common divisor of 50 and 120.
10
What is the highest common divisor of 132 and 29238?
66
What is the highest common divisor of 45 and 165?
15
What is the highest common divisor of 96 and 416?
32
Calculate the greatest common factor of 74 and 407.
37
Calculate the greatest common divisor of 510 and 60.
30
What is the greatest common divisor of 19 and 551?
19
Calculate the highest common divisor of 1353 and 66.
33
What is the greatest common factor of 447 and 1937?
149
What is the greatest common divisor of 22 and 6754?
22
What is the greatest common factor of 3094 and 78?
26
What is the highest common divisor of 572 and 132?
44
Calculate the greatest common factor of 357 and 105.
21
What is the greatest common factor of 415 and 1079?
83
Calculate the highest common divisor of 46 and 230.
46
What is the highest common divisor of 976 and 61?
61
What is the greatest common factor of 726 and 66?
66
What is the highest common divisor of 22768 and 16?
16
What is the highest common divisor of 1750 and 70?
70
Calculate the greatest common divisor of 90 and 4350.
30
Calculate the greatest common factor of 638 and 696.
58
What is the highest common divisor of 495 and 45?
45
Calculate the highest common factor of 84 and 378.
42
Calculate the greatest common divisor of 106 and 2385.
53
What is the highest common factor of 121656 and 12?
12
What is the greatest common factor of 22 and 28402?
22
What is the highest common factor of 1792 and 28?
28
Calculate the highest common divisor of 280 and 10.
10
Calculate the greatest common divisor of 4718 and 14.
14
Calculate the highest common divisor of 74 and 74.
74
Calculate the greatest common factor of 32 and 22000.
16
What is the highest common divisor of 54 and 18?
18
Calculate the highest common divisor of 92 and 4508.
92
What is the greatest common divisor of 105 and 45?
15
What is the greatest common factor of 720 and 2250?
90
Calculate the highest common divisor of 25 and 475.
25
Calculate the greatest common divisor of 65 and 10.
5
Calculate the highest common divisor of 1911 and 1617.
147
Calculate the greatest common divisor of 63 and 1176.
21
Calculate the highest common factor of 7 and 973.
7
Calculate the highest common factor of 2 and 800.
2
What is the highest common factor of 3 and 64?
1
Calculate the greatest common divisor of 828 and 84.
12
Calculate the highest common factor of 2461 and 107.
107
What is the highest common divisor of 34 and 1853?
17
Calculate the highest common factor of 25781 and 609.
203
Calculate the highest common divisor of 155 and 651.
31
What is the greatest common divisor of 14 and 154?
14
Calculate the greatest common divisor of 177 and 26373.
177
Calculate the highest common divisor of 319 and 11.
11
Calculate the highest common factor of 64 and 80.
16
Calculate the greatest common divisor of 1397 and 127.
127
What is the greatest common factor of 5715 and 254?
127
What is the greatest common divisor of 90 and 585?
45
What is the highest common divisor of 579 and 3?
3
What is the highest common divisor of 44 and 1744?
4
Calculate the greatest common divisor of 5883 and 53.
53
What is the greatest common divisor of 207 and 5796?
207
Calculate the greatest common divisor of 54 and 351.
27
What is the greatest common divisor of 56 and 15204?
28
What is the highest common factor of 66 and 33?
33
Calculate the highest common divisor of 266 and 126.
14
Calculate the highest common divisor of 160 and 120.
40
Calculate the highest common factor of 50736 and 56.
56
Calculate the highest common factor of 173 and 2249.
173
What is the highest common divisor of 432 and 64?
16
What is the highest common divisor of 28 and 16128?
28
What is the greatest common factor of 141 and 10011?
141
What is the greatest common factor of 16 and 520?
8
Calculate the highest common factor of 442 and 1462.
34
What is the highest common factor of 120 and 192?
24
What is the greatest common factor of 4210 and 20?
10
What is the highest common factor of 1020 and 80?
20
Calculate the greatest common divisor of 33 and 4224.
33
What is the highest common factor of 480 and 60?
60
What is the greatest common factor of 2430 and 30?
30
What is the greatest common divisor of 104 and 884?
52
What is the highest common factor of 225 and 9675?
225
Calculate the greatest common divisor of 3087 and 12789.
441
What is the greatest common divisor of 72 and 468?
36
What is the highest common factor of 86 and 4042?
86
What is the greatest common divisor of 568 and 32?
8
Calculate the greatest common factor of 20 and 10.
10
Calculate the highest common factor of 7088 and 16.
16
What is the greatest common factor of 7288 and 8?
8
Calculate the greatest common factor of 70 and 98.
14
What is the greatest common factor of 302 and 9815?
151
Calculate the greatest common factor of 4 and 268.
4
What is the greatest common divisor of 800 and 275?
25
What is the greatest common factor of 7766 and 352?
22
What is the highest common divisor of 13 and 637?
13
Calculate the greatest common factor of 105 and 6405.
105
What is the greatest common divisor of 602 and 774?
86
What is the greatest common factor of 1210 and 10?
10
What is the greatest common divisor of 126 and 36?
18
Calculate the highest common divisor of 120 and 405.
15
Calculate the greatest common divisor of 9072 and 12.
12
Calculate the highest common factor of 1107 and 153.
9
Calculate the highest common divisor of 442 and 1088.
34
What is the greatest common divisor of 12 and 212?
4
Calculate the greatest common divisor of 1458 and 1350.
54
Calculate the highest common divisor of 1790 and 15.
5
What is the greatest common factor of 2684 and 44?
44
Calculate the highest common divisor of 2071 and 19.
19
What is the highest common divisor of 158 and 2?
2
What is the highest common factor of 1566 and 986?
58
What is the highest common divisor of 209 and 26752?
209
Calculate the highest common divisor of 81 and 6.
3
Calculate the highest common divisor of 1781 and 13.
13
Calculate the greatest common factor of 11546 and 46.
46
What is the highest common factor of 68 and 1241?
17
What is the greatest common factor of 139 and 14039?
139
Calculate the highest common factor of 10 and 970.
10
What is the highest common factor of 962 and 1628?
74
Calculate the highest common factor of 84 and 60.
12
What is the highest common factor of 4 and 912?
4
What is the highest common factor of 55 and 8855?
55
What is the highest common divisor of 2177 and 1555?
311
Calculate the greatest common divisor of 18 and 270.
18
What is the greatest common factor of 2445 and 652?
163
Calculate the highest common divisor of 8 and 244.
4
What is the highest common divisor of 5882 and 34?
34
What is the greatest common factor of 3 and 57?
3
What is the highest common factor of 103 and 17716?
103
Calculate the greatest common divisor of 1313 and 2929.
101
What is the highest common factor of 9 and 15?
3
Calculate the greatest common divisor of 6031 and 37.
37
What is the highest common factor of 3969 and 84?
21
What is the greatest common factor of 12367 and 447?
149
Calculate the highest common divisor of 950 and 150.
50
Calculate the greatest common divisor of 20 and 220.
20
Calculate the highest common factor of 22 and 41162.
22
Calculate the highest common divisor of 49 and 1323.
49
What is the greatest common factor of 6 and 4404?
6
Calculate the highest common factor of 357 and 399.
21
Calculate the greatest common divisor of 12701 and 26.
13
What is the greatest common divisor o